5*y - 3. Calculate a(b).
12
Let b(a) = 7*a**2 + 20*a + 15. Let s(j) = 6*j**2 + 19*j + 15. Let h(g) = -5*b(g) + 6*s(g). Let d be (-2)/(-8) + 106/(-8). Calculate h(d).
2
Let t be (-7)/1*(1 + 0). Let f = -6 - t. Let a(v) = -v + 1. Let x(c) = 2*c**3 + c**2 - 8*c + 8. Let w(u) = f*x(u) - 5*a(u). Determine w(2).
17
Let t(m) = m**2 - 5*m - 7. Let j be t(7). Let z(a) = -2*a**3 - 7*a**2 - 1722*a + 3*a**3 - 5 - 1 + 1721*a. Calculate z(j).
-13
Let x(z) = 11*z**3 + 4*z**2 - 15*z - 23. Let v(b) = -4*b**3 - 2*b**2 + 5*b + 7. Let s(h) = -8*v(h) - 3*x(h). What is s(5)?
13
Let p be (-84)/(-36) + (-2)/6 - -23. Let r(u) be the second derivative of 0 - p*u - 1/12*u**4 - 1/2*u**2 + 1/6*u**3. What is r(0)?
-1
Let d = -172 + 177. Let z(y) = y**3 + 13*y**2 + 7*y + 4. Let o(r) = -r**2 + 1. Let h(n) = d*o(n) + z(n). What is h(-7)?
9
Let b(h) = 6*h**2 - 1. Suppose 68*i = 31*i + 333. Suppose -v + 2 = 0, 3*x - i*v = -11*v + 1. What is b(x)?
5
Let v = 16 + -10. Let k(u) = -10809 - u**2 + 3*u - 10793 + 0*u + 21602. Calculate k(v).
-18
Let w be 20/25 + (-1)/(-5). Let t be (-23)/(-2) - ((-315)/14)/(-15). Let s(q) = 18*q + 10 - q - t. Calculate s(w).
17
Let u be 18/15 + -2 + 15*(-301)/(-175). Let h(f) = f**3 - 28*f**2 + 80*f - 125. Determine h(u).
0
Let f(z) be the second derivative of -z**3/2 + 28*z**2 + 29*z + 13. Calculate f(22).
-10
Let u be (-18)/27 - (-199)/(-3). Let c = 114 + u. Let a(v) = 15*v - 1 - c*v + 15*v + 13*v + v**2. Determine a(2).
-5
Let j(y) = -y**3 - 2*y**2 + 4*y. Let n be 1/(-2)*0/(-4). Let o(w) = 45*w - 3. Let x be o(n). Calculate j(x).
-3
Let q(k) = 4*k + 43092876 + 65*k - 43093075 - k**2. Give q(66).
-1
Suppose 2800*w + 207 = 2768*w - 209. Let d(v) = -v**2 - 15*v - 39. What is d(w)?
-13
Let f(v) = -36*v - 9. Suppose 0 = -3121*c + 3132*c + 22. Calculate f(c).
63
Let w be (-120*35/(-1260))/(2*1/3). Let a(t) = 2*t**2 + 5*t + 3. Let s be a(-3). Let n(u) = -4 + 4 - 4 + s - 2*u - 5*u**2 + u**3. Calculate n(w).
-8
Let l(w) = w**3 + 2*w**2 - 20*w + 12. Suppose -30 - 4 + 14 = 4*d. Calculate l(d).
37
Let d = 17 + -15. Suppose -d*q - 26 = -7*q - 4*m, -4*m - 4 = 0. Let x(s) = s + q - 1 - 6*s + 7*s. Determine x(5).
15
Let t(l) = -l**2 + 4*l + 1. Suppose -5*u = -5*h - 60, -2*h - 42 + 62 = 2*u. Let c be (-48)/(-176)*u - (-2)/2. Give t(c).
1
Let v(w) be the third derivative of -19*w**5/120 + 2*w**3/3 + 28*w**2 + w. Let b(j) be the first derivative of v(j). Calculate b(1).
-19
Suppose 3*z + 163*s + 18 = 160*s, -22 = 3*z + s. Let f(a) = a**3 + 5*a**2 - 5*a - 13. What is f(z)?
-165
Let m(c) = 19*c**2. Let r = -1032 - -1036. Let u(g) = -2*g**2 - 3*g + g**3 + 0*g**3 - g**2 - 5. Let y be u(r). Give m(y).
19
Let u(s) be the second derivative of -5*s**3/3 + s**2/2 + 38*s - 4. Suppose 0 = 5*n + 10, -3*b + 2*n + 6 = 5*n. What is u(b)?
-39
Let i(x) = -16*x**2 - x + 1. Let s = -3538 - -3539. Give i(s).
-16
Suppose -8*l - 11 = -11 + 112. Let m(c) = -2*c - 30. What is m(l)?
-2
Let h(q) = -1. Let o(x) = 2*x - 11. Let d(m) = h(m) + o(m). Let r be (8 - (-153)/(-18))/(-2)*28. Give d(r).
2
Let o be (-9)/4*4/(-1). Let d(z) = 10*z + o - 3*z - 2*z. Give d(-6).
-21
Suppose -q - 2*q = -5*k + 3, -4*k - 3 = 3*q. Let c be (12 - 7/((-28)/(-20))) + q. Let n(h) = -h**3 + 7*h**2 - 5*h - 3. Give n(c).
3
Let t be (-15)/(-2)*(-17)/(1530/(-432)). Let i(g) be the first derivative of -1/3*g**3 + t - g + g**2. Give i(2).
-1
Let p(j) = j**3 + 13*j**2 - 35*j - 71. Suppose -429 = 30*u + 136 - 115. What is p(u)?
4
Let h(i) be the first derivative of 2*i - 5*i**2 + 27 + 1/3*i**3. Determine h(10).
2
Suppose -9*v + 194*v - 1665 = 0. Let o(l) = 11*l - 69. Give o(v).
30
Suppose -5*b - 8 = 3*b. Let i(y) = -y**2 + 1. Let f(k) = -5*k**2 + 12*k + 21. Let t(n) = b*f(n) + 6*i(n). Determine t(-10).
5
Let x(p) = p**2 - 1 - 3 + 0 - 4*p. Suppose 1115*c = -1108*c + 2230*c - 49. Calculate x(c).
17
Let g(t) = -5*t**3 + 19*t**2 + t - 16. Let a(j) = j**3 + j**2 - 1. Let w(b) = -3*a(b) - g(b). Determine w(11).
8
Let g(b) = -355802142 + 16*b - 5*b + b**2 + 355802142. Suppose -2*w + w - 8 = 0. What is g(w)?
-24
Let a(r) = r**2 - 9 + 2*r**2 - 2*r**2 - 7*r - 2*r**2. Suppose -324 = -90*g + 144*g. Determine a(g).
-3
Suppose -5 = -s + 2. Let w(x) = -x + 5*x - 2*x + 2 - x**2 - 3*x + 12*x. What is w(s)?
30
Suppose -76 = 6*b + 266. Let h = b + 62. Let s(f) = -f - 4 + f**3 + 8*f + f + h*f**2 - 3*f. Determine s(-4).
-8
Let p(w) = -15*w + 2. Let d(z) = 7*z - 1. Let i(x) = -13*d(x) - 6*p(x). Let c be (2 + (0 - 22))*(-2028)/130. Let j = -319 + c. Calculate i(j).
8
Let m(t) be the third derivative of t**4/12 + 5*t**3/6 + 3440*t**2. Suppose -6*x = -3*x + 24. Give m(x).
-11
Let b(j) = -j**2 + 13*j - 13. Let a = 2510 - 2497. Calculate b(a).
-13
Let h(t) = -t**3 - 41*t**2 + 40*t - 89. Let w = -10742 - -10700. Determine h(w).
-5
Suppose -21*t - 28 + 2674 = 0. Let j = -122 + t. Let o(n) = -n**3 + 5*n**2 - n - 2. What is o(j)?
10
Let t = 15240 + -15242. Let p(b) = 4*b**3 + 3*b - 2. Determine p(t).
-40
Let m(b) be the second derivative of b**5/20 + 5*b**4/6 + 7*b**3/3 + 7*b**2 - 787*b - 3. Give m(-9).
-31
Let w = 318 - 248. Let k be (-3 - -1)/(20/w). Let p(y) = -y**2 - 10*y - 2. Give p(k).
19
Let r(m) be the third derivative of m**6/120 - 17*m**5/60 - 35*m**4/24 - 32*m**3/3 - 105*m**2. What is r(19)?
-7
Let t(b) = b - 7. Let f = 6 + -16. Suppose 26 = -295*j + 297*j. Let g = f + j. What is t(g)?
-4
Let q be (-4)/14 + 4/14. Let x = 285 + -281. Let a(u) = -u - 4*u - u - 13 + u + x*u. Calculate a(q).
-13
Suppose 20*w - 3*w + w = -90. Let q(p) = p**3 + 4*p**2 + 19. What is q(w)?
-6
Let s(y) be the third derivative of -y**5/60 + 3*y**4/8 - y**3 - y**2. Suppose 312 = i + 305. Suppose 23*x - i*x - 96 = 0. Calculate s(x).
12
Let f(v) = 27*v**2 + 4*v - 1. Suppose -2*q = -2*m + 4, -5*q - 7 = m - 9. Calculate f(m).
115
Let l(w) be the second derivative of 11*w**2 + 1/6*w**3 - w + 4. Let s be 4/3*(1 + 85/(-10)). Give l(s).
12
Suppose 0 = -3*q - 74 + 23. Let b(w) be the second derivative of -w**4/12 - 5*w**3/2 + 12*w**2 - 62*w - 45. Give b(q).
-10
Let u(a) = a**3 + a**2 - 1. Let z(k) = -5 - k**2 - 5*k**2 + 0*k + 20*k**3 + 5*k**2 + 6 - k. Let q(f) = -2*u(f) - z(f). What is q(-1)?
21
Let c(h) = -h**2 - 12*h - 6. Let y be c(-11). Suppose -y*o = -2*r + 7, -3*o + 2*r = -0*r + 5. Let x be o/((-6 + 4)/10). Let a(q) = -q - 2. Calculate a(x).
-7
Let d be (-5 - (-2 - 3)) + (-74)/(-2). Let z = d + -45. Let h(t) = -t**3 - 9*t**2 - 9*t + 10. What is h(z)?
18
Let j(s) = s**3 - 7*s**2 + 9*s - 15. Let v be -847 - -840 - ((-2)/8 + (-47)/4). What is j(v)?
-20
Suppose -4*v = 12 - 20. Let b(y) = -2*y + 7. Let q(u) = -10*u + 37. Let s(i) = v*q(i) - 11*b(i). Calculate s(6).
9
Let r(z) = z**2 - 8*z + 1. Let x(v) = 7*v + 37. Suppose -21 = 8*a + 19. Let m be x(a). Suppose -w - 2 = 0, -m*b - 2*w - 6 + 16 = 0. Give r(b).
-6
Let w(v) = -3*v. Let k = 15 + -3. Suppose 19*z + k*z + 62 = 0. Determine w(z).
6
Suppose -f = 5*o + 11 - 2, -10 = 2*o + 2*f. Let g(j) = -237*j - 5 + 234*j + 5. Give g(o).
3
Let h(p) be the second derivative of -p**5/20 + 5*p**4/12 - p**3/6 - 2*p**2 + 18*p + 19. Determine h(6).
-46
Let i(o) be the first derivative of -o**7/420 + o**6/60 + o**4/8 + o**3 - 5*o + 28. Let c(h) be the third derivative of i(h). Calculate c(3).
3
Let t(g) = -2*g**2 - 15. Let j(m) = -m**3 - 10*m**2 + 3*m - 88. Let i be j(-11). Determine t(i).
-15
Let v(f) be the second derivative of -f**5/120 + 17*f**4/24 - 7*f**3/3 + 138*f. Let g(l) be the second derivative of v(l). Give g(7).
10
Let d(s) = -7*s**2 + 5*s - 4. Let c(t) = -3*t**2 - 52*t - 15. Let h be c(-17). Suppose o - r = -2, 5*o - h*r - 9 + 4 = 0. What is d(o)?
-52
Let r(w) = w**3 + 3*w**2 - 2*w - 1. Suppose 3 = -m, -2*i + m = 2*i + 1. Let n be (i/2)/((-4)/(-128)*-2). Suppose 6*q - 4*q = -n. Calculate r(q).
-9
Suppose 21 = 4*c - c - 3*b, -c + 17 = -3*b. Let i(m) = -m**2 + 16*m. Let k be i(16). Let l(z) = k + 2 + 2*z - 3. Determine l(c).
3
Let s(y) = y**2 + 5*y. Let m be (0 - 4/(-12))*15. Suppose m*x = -2*r + 56, -46 = -x - 2*x + 5*r. Suppose 4*a - x = -o, 16 = o - 2*o + 3*a. What is s(o)?
-4
Let z(k) = -5*k**2 + 71*k - 5. Suppose -16*p = 41*p - 15*p - 588. Calculate z(p).
9
Let x(k) be the first derivative of k**3/3 + k**2/2 - 4*k + 8. Suppose -6*b + 4*v = -2*b - 8, 0 = -2*b + v. Let a be (3/b)/(3/8). What is x(a)?
8
Let c(w) = w**3 - 2*w**2 